{"id":129,"date":"2022-02-14T11:42:21","date_gmt":"2022-02-14T11:42:21","guid":{"rendered":"https:\/\/hundesalon-in-harmonie.ch\/?page_id=129"},"modified":"2023-01-30T17:37:38","modified_gmt":"2023-01-30T17:37:38","slug":"workshops-hundepflege","status":"publish","type":"page","link":"https:\/\/hundesalon-in-harmonie.ch\/index.php\/workshops-hundepflege\/","title":{"rendered":"Workshops Hundepflege"},"content":{"rendered":"\t\t<div data-elementor-type=\"wp-page\" data-elementor-id=\"129\" class=\"elementor elementor-129\">\n\t\t\t\t\t\t<section class=\"elementor-section elementor-top-section elementor-element elementor-element-4ca24aa5 elementor-section-boxed elementor-section-height-default elementor-section-height-default\" data-id=\"4ca24aa5\" data-element_type=\"section\">\n\t\t\t\t\t\t<div class=\"elementor-container elementor-column-gap-default\">\n\t\t\t\t\t<div class=\"elementor-column elementor-col-100 elementor-top-column elementor-element elementor-element-41bf4ebd\" data-id=\"41bf4ebd\" data-element_type=\"column\">\n\t\t\t<div class=\"elementor-widget-wrap elementor-element-populated\">\n\t\t\t\t\t\t<div class=\"elementor-element elementor-element-23d3e3b elementor-widget elementor-widget-image\" data-id=\"23d3e3b\" data-element_type=\"widget\" data-widget_type=\"image.default\">\n\t\t\t\t<div class=\"elementor-widget-container\">\n\t\t\t<style>\/*! elementor - v3.23.0 - 05-08-2024 *\/\n.elementor-widget-image{text-align:center}.elementor-widget-image a{display:inline-block}.elementor-widget-image a img[src$=\".svg\"]{width:48px}.elementor-widget-image img{vertical-align:middle;display:inline-block}<\/style>\t\t\t\t\t\t\t\t\t\t<img fetchpriority=\"high\" decoding=\"async\" width=\"660\" height=\"372\" src=\"https:\/\/hundesalon-in-harmonie.ch\/wp-content\/uploads\/2023\/01\/20230125_151049-1-1024x577.jpg\" class=\"attachment-large size-large wp-image-414\" alt=\"\" srcset=\"https:\/\/hundesalon-in-harmonie.ch\/wp-content\/uploads\/2023\/01\/20230125_151049-1-1024x577.jpg 1024w, https:\/\/hundesalon-in-harmonie.ch\/wp-content\/uploads\/2023\/01\/20230125_151049-1-300x169.jpg 300w, https:\/\/hundesalon-in-harmonie.ch\/wp-content\/uploads\/2023\/01\/20230125_151049-1-768x432.jpg 768w, https:\/\/hundesalon-in-harmonie.ch\/wp-content\/uploads\/2023\/01\/20230125_151049-1-1536x865.jpg 1536w, https:\/\/hundesalon-in-harmonie.ch\/wp-content\/uploads\/2023\/01\/20230125_151049-1-2048x1153.jpg 2048w\" sizes=\"(max-width: 660px) 100vw, 660px\" \/>\t\t\t\t\t\t\t\t\t\t\t\t\t<\/div>\n\t\t\t\t<\/div>\n\t\t\t\t<div class=\"elementor-element elementor-element-1738dcc9 elementor-widget elementor-widget-text-editor\" data-id=\"1738dcc9\" data-element_type=\"widget\" data-widget_type=\"text-editor.default\">\n\t\t\t\t<div class=\"elementor-widget-container\">\n\t\t\t<style>\/*! elementor - v3.23.0 - 05-08-2024 *\/\n.elementor-widget-text-editor.elementor-drop-cap-view-stacked .elementor-drop-cap{background-color:#69727d;color:#fff}.elementor-widget-text-editor.elementor-drop-cap-view-framed .elementor-drop-cap{color:#69727d;border:3px solid;background-color:transparent}.elementor-widget-text-editor:not(.elementor-drop-cap-view-default) .elementor-drop-cap{margin-top:8px}.elementor-widget-text-editor:not(.elementor-drop-cap-view-default) .elementor-drop-cap-letter{width:1em;height:1em}.elementor-widget-text-editor .elementor-drop-cap{float:left;text-align:center;line-height:1;font-size:50px}.elementor-widget-text-editor .elementor-drop-cap-letter{display:inline-block}<\/style>\t\t\t\t<!-- wp:paragraph {\"textColor\":\"bright-blue\"} -->\n<p><strong>Workshops Hunde-und Katzenpflege<\/strong><\/p>\n<p><strong>Spielst du mit dem Gedanken deinen Hund selber zu scheren oder schneiden, weisst jedoch nicht so genau wie das geht, welche Werkzeuge f\u00fcr dich und deinen Hund am geeignetsten sind, oder hast du M\u00fche deinen 4beinigen Freund zu k\u00e4mmen oder zu baden?<\/strong><\/p>\n<p><strong>Ich begleite und helfe dir\/euch gerne dabei! In kleinen Gruppen(max.4 Mensch-Tier-Teams oder auch Einzeln schauen wir uns dein\/euer Anliegen oder Thema zusammen mit deinem 4beinigen Freund in Ruhe an. Oft sind es kleine und einfache Tipps oder eine andere Herangehensweise und Haltung, die bereits zu einer positiven Ver\u00e4nderung f\u00fchren kann.<\/strong><\/p>\n<p><strong>Die Workshops dauern in der Gruppe je nach Thema 1 Tag und Einzeln ca. 2-3 Stunden.<\/strong><\/p>\n<p><strong>F\u00fchlst du dich angesprochen oder hast du noch Fragen? Dann melde dich gerne via E-Mail oder Telefon bei mir.<\/strong><\/p>\n<p><strong>Die Workshops finden nach Anfrage statt.<\/strong><\/p>\n<p><strong><u>Kosten: <\/u><\/strong><strong>\u00a0\u00a0\u00a0\u00a0\u00a0\u00a0\u00a0\u00a0250.-pro Teilnehmer Einzeln<\/strong><\/p>\n<p><strong>\u00a0\u00a0\u00a0\u00a0\u00a0\u00a0\u00a0\u00a0\u00a0\u00a0\u00a0\u00a0\u00a0\u00a0\u00a0\u00a0\u00a0\u00a0\u00a0\u00a0\u00a0\u00a0 oder in der Gruppe <\/strong><\/p>\n<!-- \/wp:paragraph -->\t\t\t\t\t\t<\/div>\n\t\t\t\t<\/div>\n\t\t\t\t\t<\/div>\n\t\t<\/div>\n\t\t\t\t\t<\/div>\n\t\t<\/section>\n\t\t\t\t<\/div>\n\t\t","protected":false},"excerpt":{"rendered":"<p>Workshops Hunde-und Katzenpflege Spielst du mit dem Gedanken deinen Hund selber zu scheren oder schneiden, weisst jedoch nicht so genau wie das geht, welche Werkzeuge f\u00fcr dich und deinen Hund am geeignetsten sind, oder hast du M\u00fche deinen 4beinigen Freund zu k\u00e4mmen oder zu baden? Ich begleite und helfe dir\/euch gerne dabei! In kleinen Gruppen(max.4 &hellip; <a href=\"https:\/\/hundesalon-in-harmonie.ch\/index.php\/workshops-hundepflege\/\" class=\"more-link\"><span class=\"screen-reader-text\">Workshops Hundepflege<\/span> weiterlesen<\/a><\/p>\n","protected":false},"author":1,"featured_media":0,"parent":0,"menu_order":0,"comment_status":"closed","ping_status":"closed","template":"","meta":{"footnotes":""},"class_list":["post-129","page","type-page","status-publish","hentry"],"_links":{"self":[{"href":"https:\/\/hundesalon-in-harmonie.ch\/index.php\/wp-json\/wp\/v2\/pages\/129","targetHints":{"allow":["GET"]}}],"collection":[{"href":"https:\/\/hundesalon-in-harmonie.ch\/index.php\/wp-json\/wp\/v2\/pages"}],"about":[{"href":"https:\/\/hundesalon-in-harmonie.ch\/index.php\/wp-json\/wp\/v2\/types\/page"}],"author":[{"embeddable":true,"href":"https:\/\/hundesalon-in-harmonie.ch\/index.php\/wp-json\/wp\/v2\/users\/1"}],"replies":[{"embeddable":true,"href":"https:\/\/hundesalon-in-harmonie.ch\/index.php\/wp-json\/wp\/v2\/comments?post=129"}],"version-history":[{"count":14,"href":"https:\/\/hundesalon-in-harmonie.ch\/index.php\/wp-json\/wp\/v2\/pages\/129\/revisions"}],"predecessor-version":[{"id":436,"href":"https:\/\/hundesalon-in-harmonie.ch\/index.php\/wp-json\/wp\/v2\/pages\/129\/revisions\/436"}],"wp:attachment":[{"href":"https:\/\/hundesalon-in-harmonie.ch\/index.php\/wp-json\/wp\/v2\/media?parent=129"}],"curies":[{"name":"wp","href":"https:\/\/api.w.org\/{rel}","templated":true}]}}