{"id":162,"date":"2022-02-16T08:43:31","date_gmt":"2022-02-16T08:43:31","guid":{"rendered":"https:\/\/hundesalon-in-harmonie.ch\/?page_id=162"},"modified":"2023-01-30T17:04:11","modified_gmt":"2023-01-30T17:04:11","slug":"meditationen","status":"publish","type":"page","link":"https:\/\/hundesalon-in-harmonie.ch\/index.php\/meditationen\/","title":{"rendered":"Meditationen"},"content":{"rendered":"\t\t<div data-elementor-type=\"wp-page\" data-elementor-id=\"162\" class=\"elementor elementor-162\">\n\t\t\t\t\t\t<section class=\"elementor-section elementor-top-section elementor-element elementor-element-08ac138 elementor-section-boxed elementor-section-height-default elementor-section-height-default\" data-id=\"08ac138\" data-element_type=\"section\">\n\t\t\t\t\t\t<div class=\"elementor-container elementor-column-gap-default\">\n\t\t\t\t\t<div class=\"elementor-column elementor-col-100 elementor-top-column elementor-element elementor-element-3446b56\" data-id=\"3446b56\" data-element_type=\"column\">\n\t\t\t<div class=\"elementor-widget-wrap elementor-element-populated\">\n\t\t\t\t\t\t<div class=\"elementor-element elementor-element-4fa76ab elementor-widget elementor-widget-image\" data-id=\"4fa76ab\" data-element_type=\"widget\" data-widget_type=\"image.default\">\n\t\t\t\t<div class=\"elementor-widget-container\">\n\t\t\t<style>\/*! elementor - v3.23.0 - 05-08-2024 *\/\n.elementor-widget-image{text-align:center}.elementor-widget-image a{display:inline-block}.elementor-widget-image a img[src$=\".svg\"]{width:48px}.elementor-widget-image img{vertical-align:middle;display:inline-block}<\/style>\t\t\t\t\t\t\t\t\t\t<img decoding=\"async\" src=\"https:\/\/hundesalon-in-harmonie.ch\/wp-content\/uploads\/elementor\/thumbs\/20211005_115020-1-scaled-qtgmzf4yf1vpontwd75j604gngbsw6xihgred3i8bk.jpg\" title=\"20211005_115020-1\" alt=\"20211005_115020-1\" loading=\"lazy\" \/>\t\t\t\t\t\t\t\t\t\t\t\t\t<\/div>\n\t\t\t\t<\/div>\n\t\t\t\t<div class=\"elementor-element elementor-element-35253e9 elementor-widget elementor-widget-text-editor\" data-id=\"35253e9\" data-element_type=\"widget\" data-widget_type=\"text-editor.default\">\n\t\t\t\t<div class=\"elementor-widget-container\">\n\t\t\t<style>\/*! elementor - v3.23.0 - 05-08-2024 *\/\n.elementor-widget-text-editor.elementor-drop-cap-view-stacked .elementor-drop-cap{background-color:#69727d;color:#fff}.elementor-widget-text-editor.elementor-drop-cap-view-framed .elementor-drop-cap{color:#69727d;border:3px solid;background-color:transparent}.elementor-widget-text-editor:not(.elementor-drop-cap-view-default) .elementor-drop-cap{margin-top:8px}.elementor-widget-text-editor:not(.elementor-drop-cap-view-default) .elementor-drop-cap-letter{width:1em;height:1em}.elementor-widget-text-editor .elementor-drop-cap{float:left;text-align:center;line-height:1;font-size:50px}.elementor-widget-text-editor .elementor-drop-cap-letter{display:inline-block}<\/style>\t\t\t\t<p>Meditation kann uns im Alltag sehr helfen, wieder in unsere Mitte und Kraft zu kommen, wenn wir uns verzetteln, uns nicht mehr richtig sp\u00fcren oder zu sehr im Aussen sind. Und wir erhalten auch Antworten aus unserem Inneren auf alle Fragen die wir gerade haben.<\/p><p><strong>Was genau ist Meditation?<\/strong><\/p><p>Meditation ist eine uralte M\u00f6glichkeit, sich auf sich zu konzentrieren, seinen Geist zu beruhigen und in die Stille zu finden. Dabei konzentriert man sich auf das bewusste und tiefe atmen. Und l\u00e4sst die Gedanken einfach weiterziehen. \u00a0Durch ein bewusstes atmen wird der ganze K\u00f6rper entspannt, und er erh\u00e4lt dadurch den wichtigen Sauerstoff bis in alle Zellen. Es ist also auch eine gute M\u00f6glichkeit, so seinen ganzen K\u00f6rper innerlich zu erfrischen. Es gibt viele verschiedene Meditationsm\u00f6glichkeiten. \u00a0F\u00fcr einige ist meditieren, wenn sie draussen spazieren gehen und sich dabei nur auf die Natur konzentrieren. Andere wiederum \u00a0konzentrieren sich auf ihren K\u00f6rper und wieder andere verbinden sich mit der geistigen Welt und lassen sich f\u00fchren. Es gibt viele verschiedene Meditation: Z.B.<\/p><p>-Die Reise zum inneren Kind<\/p><p>-Die Reise zum Seelenhaus<\/p><p>-Reinigungsmeditation<\/p><p>-Heilreise-Meditation<\/p><p>Engel-Meditation<\/p><p>-Bilder-Meditation<\/p><p>Und vieles mehr<\/p><p>Es ist auch m\u00f6glich, mit Tieren zusammen zu meditieren<\/p><p>Das ist ein wunderbares Erlebnis f\u00fcr alle Beteiligten und f\u00fchrt wieder zu mehr Ruhe, Harmonie und Frieden innerhalb der Gruppe und bei jedem einzelnen<\/p><p>Ich lasse mich gerne von der geistigen Welt f\u00fchren und liebe die Einfachheit.<\/p><p>Neu biete ich Meditationsabende in kleinen Gruppen f\u00fcr \u00a04-6 Personen pro Gruppe an. Im Anschluss ist ein gegenseitiger Austausch m\u00f6glich, wenn gew\u00fcnscht.<\/p><p>Alle sind herzlich willkommen!<\/p><p>Bist du neugierig geworden und m\u00f6chtest es mal ausprobieren?<\/p><p>Dann melde dich gerne bei mir.<\/p><p>An jedem 1. Samstagmorgen im Monat findet ein Meditationsmorgen mit unseren Hunden statt. Gerne darfst du deinen 4beinigen Freund mitbringen und mit ihm zusammen dieses Erlebnis teilen und erfahren.<\/p><p>Pro Gruppe 4-6 Mensch\/Hunde-Teams<\/p><p>Alle Meditationen inkl. Austausch dauern ca. 1-1 \u00bd Stunden je nach Teilnehmerzahl<\/p><p>Seid ihr dabei? Dann darfst du dich gerne bei mir melden.<\/p><p>Energie-Ausgleich:<\/p><p>25.- Pro Abend\u00a0 ohne Hunde<\/p><p>35.- Pro Morgen mit Hund<\/p><p>Ich freue mich sehr auf euch!<\/p>\t\t\t\t\t\t<\/div>\n\t\t\t\t<\/div>\n\t\t\t\t\t<\/div>\n\t\t<\/div>\n\t\t\t\t\t<\/div>\n\t\t<\/section>\n\t\t\t\t<\/div>\n\t\t","protected":false},"excerpt":{"rendered":"<p>Meditation kann uns im Alltag sehr helfen, wieder in unsere Mitte und Kraft zu kommen, wenn wir uns verzetteln, uns nicht mehr richtig sp\u00fcren oder zu sehr im Aussen sind. Und wir erhalten auch Antworten aus unserem Inneren auf alle Fragen die wir gerade haben. Was genau ist Meditation? Meditation ist eine uralte M\u00f6glichkeit, sich &hellip; <a href=\"https:\/\/hundesalon-in-harmonie.ch\/index.php\/meditationen\/\" class=\"more-link\"><span class=\"screen-reader-text\">Meditationen<\/span> weiterlesen<\/a><\/p>\n","protected":false},"author":1,"featured_media":0,"parent":0,"menu_order":0,"comment_status":"closed","ping_status":"closed","template":"","meta":{"footnotes":""},"class_list":["post-162","page","type-page","status-publish","hentry"],"_links":{"self":[{"href":"https:\/\/hundesalon-in-harmonie.ch\/index.php\/wp-json\/wp\/v2\/pages\/162","targetHints":{"allow":["GET"]}}],"collection":[{"href":"https:\/\/hundesalon-in-harmonie.ch\/index.php\/wp-json\/wp\/v2\/pages"}],"about":[{"href":"https:\/\/hundesalon-in-harmonie.ch\/index.php\/wp-json\/wp\/v2\/types\/page"}],"author":[{"embeddable":true,"href":"https:\/\/hundesalon-in-harmonie.ch\/index.php\/wp-json\/wp\/v2\/users\/1"}],"replies":[{"embeddable":true,"href":"https:\/\/hundesalon-in-harmonie.ch\/index.php\/wp-json\/wp\/v2\/comments?post=162"}],"version-history":[{"count":10,"href":"https:\/\/hundesalon-in-harmonie.ch\/index.php\/wp-json\/wp\/v2\/pages\/162\/revisions"}],"predecessor-version":[{"id":405,"href":"https:\/\/hundesalon-in-harmonie.ch\/index.php\/wp-json\/wp\/v2\/pages\/162\/revisions\/405"}],"wp:attachment":[{"href":"https:\/\/hundesalon-in-harmonie.ch\/index.php\/wp-json\/wp\/v2\/media?parent=162"}],"curies":[{"name":"wp","href":"https:\/\/api.w.org\/{rel}","templated":true}]}}