{"id":29,"date":"2020-10-02T13:04:01","date_gmt":"2020-10-02T13:04:01","guid":{"rendered":"https:\/\/hundesalon-in-harmonie.ch\/?page_id=29"},"modified":"2020-10-02T13:04:01","modified_gmt":"2020-10-02T13:04:01","slug":"schneiden","status":"publish","type":"page","link":"https:\/\/hundesalon-in-harmonie.ch\/index.php\/schneiden\/","title":{"rendered":"Schneiden"},"content":{"rendered":"\n<p>Das Schneiden mit der Schere eignet sich dann, wenn das Haar nicht so dicht und volumin\u00f6s ist, oder wenn der Besitzer seinen Hund nicht zu kurz schneiden lassen m\u00f6chte. Es eignet sich vorwiegend bei Rassen ohne Unterwolle (Pudel, Bolonka, Malteser, Havaneser, Labradoodle, etc.) H\u00e4ufig werden bei Retriever-Rassen die langen Haare an den Vorderl\u00e4ufen, Bauch, Hosen, Rute und Brust gek\u00fcrzt. Das hat den Vorteil, dass sie vom Erscheinungsbild immer noch wie ein Artgenosse ihrer Rasse aussehen, jedoch weniger Schmutz nach Hause bringen. Sie trocknen besser und schneller und im Winter bleibt der Schnee nicht h\u00e4ngen.<\/p>\n\n\n\n<p>M\u00f6gliche Nachteile des Schneidens k\u00f6nnen sein:<\/p>\n\n\n\n<p>Vermehrte Bildung von dichterem Fell<\/p>\n\n\n\n<p>Die Fell-Farbe kann sich ver\u00e4ndern<\/p>\n\n\n\n<p>Die Haarstruktur geht kaputt, d.h. der Schutz vor Witterung kann m\u00f6glicherweise zerst\u00f6rt werden. (vor allem&nbsp; bei Rassen mit rauhem- oder Ziegenhaar)<\/p>\n\n\n\n<p>Bei jungen, langhaarigen Hunden empfehle ich f\u00fcr den 1. Kompletten Haarschnitt zu warten, bis der Haarwechsel vom Welpen-Fell zum erwachsenen Fell stattgefunden hat. Auf diese Weise erh\u00e4lt es die M\u00f6glichkeit, sich vollst\u00e4ndig zu entwickeln. Bis dahin erarbeiten wir in kleinen Schritten und regelm\u00e4ssigen Behandlungen die Gew\u00f6hnung an den Tisch, die Werkzeuge und den ganzen Ablauf im Salon. Inklusive vielen Pausen um sich zu erholen und um das erlebte zu verarbeiten.<\/p>\n","protected":false},"excerpt":{"rendered":"<p>Das Schneiden mit der Schere eignet sich dann, wenn das Haar nicht so dicht und volumin\u00f6s ist, oder wenn der Besitzer seinen Hund nicht zu kurz schneiden lassen m\u00f6chte. Es eignet sich vorwiegend bei Rassen ohne Unterwolle (Pudel, Bolonka, Malteser, Havaneser, Labradoodle, etc.) H\u00e4ufig werden bei Retriever-Rassen die langen Haare an den Vorderl\u00e4ufen, Bauch, Hosen, &hellip; <a href=\"https:\/\/hundesalon-in-harmonie.ch\/index.php\/schneiden\/\" class=\"more-link\"><span class=\"screen-reader-text\">Schneiden<\/span> weiterlesen<\/a><\/p>\n","protected":false},"author":1,"featured_media":0,"parent":0,"menu_order":0,"comment_status":"closed","ping_status":"closed","template":"","meta":{"footnotes":""},"class_list":["post-29","page","type-page","status-publish","hentry"],"_links":{"self":[{"href":"https:\/\/hundesalon-in-harmonie.ch\/index.php\/wp-json\/wp\/v2\/pages\/29","targetHints":{"allow":["GET"]}}],"collection":[{"href":"https:\/\/hundesalon-in-harmonie.ch\/index.php\/wp-json\/wp\/v2\/pages"}],"about":[{"href":"https:\/\/hundesalon-in-harmonie.ch\/index.php\/wp-json\/wp\/v2\/types\/page"}],"author":[{"embeddable":true,"href":"https:\/\/hundesalon-in-harmonie.ch\/index.php\/wp-json\/wp\/v2\/users\/1"}],"replies":[{"embeddable":true,"href":"https:\/\/hundesalon-in-harmonie.ch\/index.php\/wp-json\/wp\/v2\/comments?post=29"}],"version-history":[{"count":1,"href":"https:\/\/hundesalon-in-harmonie.ch\/index.php\/wp-json\/wp\/v2\/pages\/29\/revisions"}],"predecessor-version":[{"id":31,"href":"https:\/\/hundesalon-in-harmonie.ch\/index.php\/wp-json\/wp\/v2\/pages\/29\/revisions\/31"}],"wp:attachment":[{"href":"https:\/\/hundesalon-in-harmonie.ch\/index.php\/wp-json\/wp\/v2\/media?parent=29"}],"curies":[{"name":"wp","href":"https:\/\/api.w.org\/{rel}","templated":true}]}}