{"id":41,"date":"2020-10-02T13:05:52","date_gmt":"2020-10-02T13:05:52","guid":{"rendered":"https:\/\/hundesalon-in-harmonie.ch\/?page_id=41"},"modified":"2020-10-02T13:05:52","modified_gmt":"2020-10-02T13:05:52","slug":"zahnstein-entfernen","status":"publish","type":"page","link":"https:\/\/hundesalon-in-harmonie.ch\/index.php\/zahnstein-entfernen\/","title":{"rendered":"Zahnstein entfernen"},"content":{"rendered":"\n<p>Viele Hunde haben Zahnstein. Die einen schon in jungen Jahren, andere erst wenn sie \u00e4lter werden.<\/p>\n\n\n\n<p>Zahnstein kann aus vielen verschiedenen Gr\u00fcnden entstehen:<\/p>\n\n\n\n<p>Zusammensetzung Futter\/ Guteli, Knochen etc.<\/p>\n\n\n\n<p>Speichelzusammensetzung<\/p>\n\n\n\n<p>Genetisch<\/p>\n\n\n\n<p>Rasse bedingt<\/p>\n\n\n\n<p>Allgemeiner Gesundheitszustand<\/p>\n\n\n\n<p>Auf der seelischen Ebene hat Zahnstein mit aufgestauter Wut und Aggression zu tun, die nicht gelebt wird<\/p>\n\n\n\n<p>Was k\u00f6nnen Sie als Hundebesitzer tun, um Zahnstein entgegenzuwirken?<\/p>\n\n\n\n<p>Kontrollieren Sie regelm\u00e4ssig die Z\u00e4hne und das Zahnfleisch und entfernen sie m\u00f6glichen Belag z.B. sanft mit dem Fingernagel. Anschliessend k\u00f6nnen Sie beides mit einem Wattebausch und etwas Kamillentee reinigen und desinfizieren.<\/p>\n\n\n\n<p>Wenn es Ihr Hund vertr\u00e4gt, geben Sie ihm ab und zu etwas Hartes zum Kauen. Z.B. verschiedene Knochen, am besten fettfreie, aber auch R\u00fcebli, \u00c4pfel, Gurken, Birnen etc. sind sehr geeignete und erst noch gesund!<\/p>\n\n\n\n<p>W\u00e4hrend des Besuches im Hundesalon kontrolliere ich auch die Z\u00e4hne. Ist eine Zahnstein-Entfernung n\u00f6tig, arbeite ich mit normalen Zahnh\u00e4kchen. Der Hund ist dabei voll bei Bewusstsein und arbeitet mit. Dabei gehe ich ganz auf ihn ein und lege regelm\u00e4ssige Pausen ein, damit er sich erholen kann.<\/p>\n\n\n\n<p>Bei wenig Zahnstein, lasse ich die Reinigung in die Pflege mit einfliessen. Soweit es der Hund zul\u00e4sst.<\/p>\n\n\n\n<p>Hat ein Hund jedoch viel Zahnstein, biete ich speziell eigene Sitzungen hierf\u00fcr an.<\/p>\n\n\n\n<p>Meine Erfahrung zeigt, dass die ganze Pflege inkl. Zahnstein-Entfernung f\u00fcr die Hunde oft zu lange dauert und sie sich auch nicht mehr gut konzentrieren k\u00f6nnen. Es ist f\u00fcr sie auch nicht sehr angenehm, was verst\u00e4ndlich ist.<\/p>\n\n\n\n<p>Bei entz\u00fcndetem Zahnfleisch oder faulen Z\u00e4hnen verweise ich den Besitzer an seinen Tierarzt.<\/p>\n\n\n\n<p>Empfehlenswert ist, die Z\u00e4hne regelm\u00e4ssig zu kontrollieren und gegebenenfalls einen Termin zu vereinbaren.<\/p>\n","protected":false},"excerpt":{"rendered":"<p>Viele Hunde haben Zahnstein. Die einen schon in jungen Jahren, andere erst wenn sie \u00e4lter werden. Zahnstein kann aus vielen verschiedenen Gr\u00fcnden entstehen: Zusammensetzung Futter\/ Guteli, Knochen etc. Speichelzusammensetzung Genetisch Rasse bedingt Allgemeiner Gesundheitszustand Auf der seelischen Ebene hat Zahnstein mit aufgestauter Wut und Aggression zu tun, die nicht gelebt wird Was k\u00f6nnen Sie als &hellip; <a href=\"https:\/\/hundesalon-in-harmonie.ch\/index.php\/zahnstein-entfernen\/\" class=\"more-link\"><span class=\"screen-reader-text\">Zahnstein entfernen<\/span> weiterlesen<\/a><\/p>\n","protected":false},"author":1,"featured_media":0,"parent":0,"menu_order":0,"comment_status":"closed","ping_status":"closed","template":"","meta":{"footnotes":""},"class_list":["post-41","page","type-page","status-publish","hentry"],"_links":{"self":[{"href":"https:\/\/hundesalon-in-harmonie.ch\/index.php\/wp-json\/wp\/v2\/pages\/41","targetHints":{"allow":["GET"]}}],"collection":[{"href":"https:\/\/hundesalon-in-harmonie.ch\/index.php\/wp-json\/wp\/v2\/pages"}],"about":[{"href":"https:\/\/hundesalon-in-harmonie.ch\/index.php\/wp-json\/wp\/v2\/types\/page"}],"author":[{"embeddable":true,"href":"https:\/\/hundesalon-in-harmonie.ch\/index.php\/wp-json\/wp\/v2\/users\/1"}],"replies":[{"embeddable":true,"href":"https:\/\/hundesalon-in-harmonie.ch\/index.php\/wp-json\/wp\/v2\/comments?post=41"}],"version-history":[{"count":1,"href":"https:\/\/hundesalon-in-harmonie.ch\/index.php\/wp-json\/wp\/v2\/pages\/41\/revisions"}],"predecessor-version":[{"id":43,"href":"https:\/\/hundesalon-in-harmonie.ch\/index.php\/wp-json\/wp\/v2\/pages\/41\/revisions\/43"}],"wp:attachment":[{"href":"https:\/\/hundesalon-in-harmonie.ch\/index.php\/wp-json\/wp\/v2\/media?parent=41"}],"curies":[{"name":"wp","href":"https:\/\/api.w.org\/{rel}","templated":true}]}}